{"id":711,"date":"2024-04-26T00:33:08","date_gmt":"2024-04-25T22:33:08","guid":{"rendered":"https:\/\/operacode.com\/stb-logistic\/?page_id=711"},"modified":"2024-06-30T23:42:18","modified_gmt":"2024-06-30T21:42:18","slug":"brand","status":"publish","type":"page","link":"https:\/\/operacode.com\/stb-logistic\/brand\/","title":{"rendered":"Brand"},"content":{"rendered":"\t\t<div data-elementor-type=\"wp-page\" data-elementor-id=\"711\" class=\"elementor elementor-711\">\n\t\t\t\t<div class=\"elementor-element elementor-element-edb65ae e-grid e-con-full e-con e-parent\" data-id=\"edb65ae\" data-element_type=\"container\" data-settings=\"{&quot;background_background&quot;:&quot;classic&quot;}\">\n\t\t\t\t<div class=\"elementor-element elementor-element-efca3a7 elementor-widget elementor-widget-image\" data-id=\"efca3a7\" data-element_type=\"widget\" data-widget_type=\"image.default\">\n\t\t\t\t<div class=\"elementor-widget-container\">\n\t\t\t<style>\/*! elementor - v3.22.0 - 26-06-2024 *\/\n.elementor-widget-image{text-align:center}.elementor-widget-image a{display:inline-block}.elementor-widget-image a img[src$=\".svg\"]{width:48px}.elementor-widget-image img{vertical-align:middle;display:inline-block}<\/style>\t\t\t\t\t\t\t\t\t\t\t<a href=\"https:\/\/operacode.com\/www.stbgroup.it\/\" target=\"_blank\">\n\t\t\t\t\t\t\t<img fetchpriority=\"high\" decoding=\"async\" width=\"3028\" height=\"1928\" src=\"https:\/\/operacode.com\/stb-logistic\/wp-content\/uploads\/2024\/06\/Logo_stb_group.png\" class=\"attachment-full size-full wp-image-1127\" alt=\"\" srcset=\"https:\/\/operacode.com\/stb-logistic\/wp-content\/uploads\/2024\/06\/Logo_stb_group.png 3028w, https:\/\/operacode.com\/stb-logistic\/wp-content\/uploads\/2024\/06\/Logo_stb_group-300x191.png 300w, https:\/\/operacode.com\/stb-logistic\/wp-content\/uploads\/2024\/06\/Logo_stb_group-1024x652.png 1024w, https:\/\/operacode.com\/stb-logistic\/wp-content\/uploads\/2024\/06\/Logo_stb_group-768x489.png 768w, https:\/\/operacode.com\/stb-logistic\/wp-content\/uploads\/2024\/06\/Logo_stb_group-1536x978.png 1536w, https:\/\/operacode.com\/stb-logistic\/wp-content\/uploads\/2024\/06\/Logo_stb_group-2048x1304.png 2048w\" sizes=\"(max-width: 3028px) 100vw, 3028px\" \/>\t\t\t\t\t\t\t\t<\/a>\n\t\t\t\t\t\t\t\t\t\t\t\t\t<\/div>\n\t\t\t\t<\/div>\n\t\t\t\t<div class=\"elementor-element elementor-element-4424d6a elementor-widget elementor-widget-image\" data-id=\"4424d6a\" data-element_type=\"widget\" data-widget_type=\"image.default\">\n\t\t\t\t<div class=\"elementor-widget-container\">\n\t\t\t\t\t\t\t\t\t\t\t\t\t\t<a href=\"https:\/\/operacode.com\/tabaccocompany\/\">\n\t\t\t\t\t\t\t<img decoding=\"async\" width=\"3028\" height=\"1865\" src=\"https:\/\/operacode.com\/stb-logistic\/wp-content\/uploads\/2024\/05\/New_Tabacco-Company.png\" class=\"attachment-full size-full wp-image-984\" alt=\"\" srcset=\"https:\/\/operacode.com\/stb-logistic\/wp-content\/uploads\/2024\/05\/New_Tabacco-Company.png 3028w, https:\/\/operacode.com\/stb-logistic\/wp-content\/uploads\/2024\/05\/New_Tabacco-Company-300x185.png 300w, https:\/\/operacode.com\/stb-logistic\/wp-content\/uploads\/2024\/05\/New_Tabacco-Company-1024x631.png 1024w, https:\/\/operacode.com\/stb-logistic\/wp-content\/uploads\/2024\/05\/New_Tabacco-Company-768x473.png 768w, https:\/\/operacode.com\/stb-logistic\/wp-content\/uploads\/2024\/05\/New_Tabacco-Company-1536x946.png 1536w, https:\/\/operacode.com\/stb-logistic\/wp-content\/uploads\/2024\/05\/New_Tabacco-Company-2048x1261.png 2048w\" sizes=\"(max-width: 3028px) 100vw, 3028px\" \/>\t\t\t\t\t\t\t\t<\/a>\n\t\t\t\t\t\t\t\t\t\t\t\t\t<\/div>\n\t\t\t\t<\/div>\n\t\t\t\t<div class=\"elementor-element elementor-element-611e169 elementor-widget elementor-widget-image\" data-id=\"611e169\" data-element_type=\"widget\" data-widget_type=\"image.default\">\n\t\t\t\t<div class=\"elementor-widget-container\">\n\t\t\t\t\t\t\t\t\t\t\t\t\t\t<a href=\"https:\/\/operacode.com\/stb-machinery\/\">\n\t\t\t\t\t\t\t<img decoding=\"async\" width=\"3028\" height=\"1928\" src=\"https:\/\/operacode.com\/stb-logistic\/wp-content\/uploads\/2024\/05\/New_Machinery.png\" class=\"attachment-full size-full wp-image-982\" alt=\"\" srcset=\"https:\/\/operacode.com\/stb-logistic\/wp-content\/uploads\/2024\/05\/New_Machinery.png 3028w, https:\/\/operacode.com\/stb-logistic\/wp-content\/uploads\/2024\/05\/New_Machinery-300x191.png 300w, https:\/\/operacode.com\/stb-logistic\/wp-content\/uploads\/2024\/05\/New_Machinery-1024x652.png 1024w, https:\/\/operacode.com\/stb-logistic\/wp-content\/uploads\/2024\/05\/New_Machinery-768x489.png 768w, https:\/\/operacode.com\/stb-logistic\/wp-content\/uploads\/2024\/05\/New_Machinery-1536x978.png 1536w, https:\/\/operacode.com\/stb-logistic\/wp-content\/uploads\/2024\/05\/New_Machinery-2048x1304.png 2048w\" sizes=\"(max-width: 3028px) 100vw, 3028px\" \/>\t\t\t\t\t\t\t\t<\/a>\n\t\t\t\t\t\t\t\t\t\t\t\t\t<\/div>\n\t\t\t\t<\/div>\n\t\t\t\t<div class=\"elementor-element elementor-element-c3d6c97 elementor-widget elementor-widget-image\" data-id=\"c3d6c97\" data-element_type=\"widget\" data-widget_type=\"image.default\">\n\t\t\t\t<div class=\"elementor-widget-container\">\n\t\t\t\t\t\t\t\t\t\t\t\t\t\t<a href=\"https:\/\/operacode.com\/stb_ntm\/\">\n\t\t\t\t\t\t\t<img loading=\"lazy\" decoding=\"async\" width=\"3028\" height=\"1943\" src=\"https:\/\/operacode.com\/stb-logistic\/wp-content\/uploads\/2024\/05\/New_STB-NTM.png\" class=\"attachment-full size-full wp-image-983\" alt=\"\" srcset=\"https:\/\/operacode.com\/stb-logistic\/wp-content\/uploads\/2024\/05\/New_STB-NTM.png 3028w, https:\/\/operacode.com\/stb-logistic\/wp-content\/uploads\/2024\/05\/New_STB-NTM-300x193.png 300w, https:\/\/operacode.com\/stb-logistic\/wp-content\/uploads\/2024\/05\/New_STB-NTM-1024x657.png 1024w, https:\/\/operacode.com\/stb-logistic\/wp-content\/uploads\/2024\/05\/New_STB-NTM-768x493.png 768w, https:\/\/operacode.com\/stb-logistic\/wp-content\/uploads\/2024\/05\/New_STB-NTM-1536x986.png 1536w, https:\/\/operacode.com\/stb-logistic\/wp-content\/uploads\/2024\/05\/New_STB-NTM-2048x1314.png 2048w\" sizes=\"(max-width: 3028px) 100vw, 3028px\" \/>\t\t\t\t\t\t\t\t<\/a>\n\t\t\t\t\t\t\t\t\t\t\t\t\t<\/div>\n\t\t\t\t<\/div>\n\t\t\t\t<div class=\"elementor-element elementor-element-2ebb5b2 elementor-widget elementor-widget-image\" data-id=\"2ebb5b2\" data-element_type=\"widget\" data-widget_type=\"image.default\">\n\t\t\t\t<div class=\"elementor-widget-container\">\n\t\t\t\t\t\t\t\t\t\t\t\t\t\t<a href=\"https:\/\/operacode.com\/stb-logistic\/\">\n\t\t\t\t\t\t\t<img loading=\"lazy\" decoding=\"async\" width=\"3028\" height=\"1891\" src=\"https:\/\/operacode.com\/stb-logistic\/wp-content\/uploads\/2024\/05\/New_Logistic-e-Transport.png\" class=\"attachment-full size-full wp-image-981\" alt=\"\" srcset=\"https:\/\/operacode.com\/stb-logistic\/wp-content\/uploads\/2024\/05\/New_Logistic-e-Transport.png 3028w, https:\/\/operacode.com\/stb-logistic\/wp-content\/uploads\/2024\/05\/New_Logistic-e-Transport-300x187.png 300w, https:\/\/operacode.com\/stb-logistic\/wp-content\/uploads\/2024\/05\/New_Logistic-e-Transport-1024x639.png 1024w, https:\/\/operacode.com\/stb-logistic\/wp-content\/uploads\/2024\/05\/New_Logistic-e-Transport-768x480.png 768w, https:\/\/operacode.com\/stb-logistic\/wp-content\/uploads\/2024\/05\/New_Logistic-e-Transport-1536x959.png 1536w, https:\/\/operacode.com\/stb-logistic\/wp-content\/uploads\/2024\/05\/New_Logistic-e-Transport-2048x1279.png 2048w\" sizes=\"(max-width: 3028px) 100vw, 3028px\" \/>\t\t\t\t\t\t\t\t<\/a>\n\t\t\t\t\t\t\t\t\t\t\t\t\t<\/div>\n\t\t\t\t<\/div>\n\t\t\t\t<div class=\"elementor-element elementor-element-140afe3 elementor-widget elementor-widget-image\" data-id=\"140afe3\" data-element_type=\"widget\" data-widget_type=\"image.default\">\n\t\t\t\t<div class=\"elementor-widget-container\">\n\t\t\t\t\t\t\t\t\t\t\t\t\t\t<a href=\"https:\/\/operacode.com\/stb-consulting\/\">\n\t\t\t\t\t\t\t<img loading=\"lazy\" decoding=\"async\" width=\"3028\" height=\"1896\" src=\"https:\/\/operacode.com\/stb-logistic\/wp-content\/uploads\/2024\/05\/New_Tabacco-Consulting3.png\" class=\"attachment-full size-full wp-image-985\" alt=\"\" srcset=\"https:\/\/operacode.com\/stb-logistic\/wp-content\/uploads\/2024\/05\/New_Tabacco-Consulting3.png 3028w, https:\/\/operacode.com\/stb-logistic\/wp-content\/uploads\/2024\/05\/New_Tabacco-Consulting3-300x188.png 300w, https:\/\/operacode.com\/stb-logistic\/wp-content\/uploads\/2024\/05\/New_Tabacco-Consulting3-1024x641.png 1024w, https:\/\/operacode.com\/stb-logistic\/wp-content\/uploads\/2024\/05\/New_Tabacco-Consulting3-768x481.png 768w, https:\/\/operacode.com\/stb-logistic\/wp-content\/uploads\/2024\/05\/New_Tabacco-Consulting3-1536x962.png 1536w, https:\/\/operacode.com\/stb-logistic\/wp-content\/uploads\/2024\/05\/New_Tabacco-Consulting3-2048x1282.png 2048w\" sizes=\"(max-width: 3028px) 100vw, 3028px\" \/>\t\t\t\t\t\t\t\t<\/a>\n\t\t\t\t\t\t\t\t\t\t\t\t\t<\/div>\n\t\t\t\t<\/div>\n\t\t\t\t<\/div>\n\t\t<div class=\"elementor-element elementor-element-749c316 e-flex e-con-boxed e-con e-parent\" data-id=\"749c316\" data-element_type=\"container\">\n\t\t\t\t\t<div class=\"e-con-inner\">\n\t\t<div class=\"elementor-element elementor-element-66f4b99 e-con-full e-flex e-con e-child\" data-id=\"66f4b99\" data-element_type=\"container\">\n\t\t\t\t<div class=\"elementor-element elementor-element-ad540a1 elementor-widget elementor-widget-text-editor\" data-id=\"ad540a1\" data-element_type=\"widget\" data-widget_type=\"text-editor.default\">\n\t\t\t\t<div class=\"elementor-widget-container\">\n\t\t\t<style>\/*! elementor - v3.22.0 - 26-06-2024 *\/\n.elementor-widget-text-editor.elementor-drop-cap-view-stacked .elementor-drop-cap{background-color:#69727d;color:#fff}.elementor-widget-text-editor.elementor-drop-cap-view-framed .elementor-drop-cap{color:#69727d;border:3px solid;background-color:transparent}.elementor-widget-text-editor:not(.elementor-drop-cap-view-default) .elementor-drop-cap{margin-top:8px}.elementor-widget-text-editor:not(.elementor-drop-cap-view-default) .elementor-drop-cap-letter{width:1em;height:1em}.elementor-widget-text-editor .elementor-drop-cap{float:left;text-align:center;line-height:1;font-size:50px}.elementor-widget-text-editor .elementor-drop-cap-letter{display:inline-block}<\/style>\t\t\t\t<p><span class=\"wysiwyg-font-size-24\">STB Logistic &amp; Transport, la vostra soluzione per tutte le esigenze di trasporto nel settore del tabacco. Con oltre vent&#8217;anni di esperienza e una tradizione familiare che ci permette di comprendere a fondo le necessit\u00e0 dei produttori di tabacco, offriamo servizi di spedizione via mare e terra, garantendo rapidit\u00e0 e flessibilit\u00e0. Specializzati nel settore del tabacco, forniamo anche una gestione documentale completa e soluzioni su misura per ogni cliente. Affidatevi a noi per un servizio di trasporto efficiente e su misura, sempre al miglior prezzo, e scoprite come possiamo aiutarvi a ottimizzare la vostra logistica.<\/span><\/p>\t\t\t\t\t\t<\/div>\n\t\t\t\t<\/div>\n\t\t\t\t<\/div>\n\t\t\t\t\t<\/div>\n\t\t\t\t<\/div>\n\t\t<div class=\"elementor-element elementor-element-68d8812 e-grid e-con-full e-con e-parent\" data-id=\"68d8812\" data-element_type=\"container\" data-settings=\"{&quot;background_background&quot;:&quot;classic&quot;}\">\n\t\t\t\t<div data-eael-wrapper-link=\"{&quot;url&quot;:&quot;https:\\\/\\\/operacode.com\\\/stb-logistic\\\/2024\\\/05\\\/18\\\/servizi\\\/&quot;,&quot;is_external&quot;:&quot;&quot;,&quot;nofollow&quot;:&quot;&quot;}\" class=\"elementor-element elementor-element-df4e899 elementor-position-top elementor-widget elementor-widget-image-box\" data-id=\"df4e899\" data-element_type=\"widget\" data-widget_type=\"image-box.default\">\n\t\t\t\t<div class=\"elementor-widget-container\">\n\t\t\t<style>\/*! elementor - v3.22.0 - 26-06-2024 *\/\n.elementor-widget-image-box .elementor-image-box-content{width:100%}@media (min-width:768px){.elementor-widget-image-box.elementor-position-left .elementor-image-box-wrapper,.elementor-widget-image-box.elementor-position-right .elementor-image-box-wrapper{display:flex}.elementor-widget-image-box.elementor-position-right .elementor-image-box-wrapper{text-align:end;flex-direction:row-reverse}.elementor-widget-image-box.elementor-position-left .elementor-image-box-wrapper{text-align:start;flex-direction:row}.elementor-widget-image-box.elementor-position-top .elementor-image-box-img{margin:auto}.elementor-widget-image-box.elementor-vertical-align-top .elementor-image-box-wrapper{align-items:flex-start}.elementor-widget-image-box.elementor-vertical-align-middle .elementor-image-box-wrapper{align-items:center}.elementor-widget-image-box.elementor-vertical-align-bottom .elementor-image-box-wrapper{align-items:flex-end}}@media (max-width:767px){.elementor-widget-image-box .elementor-image-box-img{margin-left:auto!important;margin-right:auto!important;margin-bottom:15px}}.elementor-widget-image-box .elementor-image-box-img{display:inline-block}.elementor-widget-image-box .elementor-image-box-title a{color:inherit}.elementor-widget-image-box .elementor-image-box-wrapper{text-align:center}.elementor-widget-image-box .elementor-image-box-description{margin:0}<\/style><div class=\"elementor-image-box-wrapper\"><figure class=\"elementor-image-box-img\"><img loading=\"lazy\" decoding=\"async\" width=\"700\" height=\"467\" src=\"https:\/\/operacode.com\/stb-logistic\/wp-content\/uploads\/2024\/05\/servizi.jpg\" class=\"attachment-full size-full wp-image-1075\" alt=\"\" srcset=\"https:\/\/operacode.com\/stb-logistic\/wp-content\/uploads\/2024\/05\/servizi.jpg 700w, https:\/\/operacode.com\/stb-logistic\/wp-content\/uploads\/2024\/05\/servizi-300x200.jpg 300w\" sizes=\"(max-width: 700px) 100vw, 700px\" \/><\/figure><div class=\"elementor-image-box-content\"><h3 class=\"elementor-image-box-title\">Tutti i Servizi<\/h3><p class=\"elementor-image-box-description\">STB Logistic & Transport, offre una gamma completa di servizi logistici e di trasporto.<\/p><\/div><\/div>\t\t<\/div>\n\t\t\t\t<\/div>\n\t\t\t\t<div data-eael-wrapper-link=\"{&quot;url&quot;:&quot;https:\\\/\\\/operacode.com\\\/stb-logistic\\\/cataloghi\\\/&quot;,&quot;is_external&quot;:&quot;&quot;,&quot;nofollow&quot;:&quot;&quot;}\" class=\"elementor-element elementor-element-22d4ee7 elementor-position-top elementor-widget elementor-widget-image-box\" data-id=\"22d4ee7\" data-element_type=\"widget\" data-widget_type=\"image-box.default\">\n\t\t\t\t<div class=\"elementor-widget-container\">\n\t\t\t<div class=\"elementor-image-box-wrapper\"><figure class=\"elementor-image-box-img\"><img loading=\"lazy\" decoding=\"async\" width=\"700\" height=\"467\" src=\"https:\/\/operacode.com\/stb-logistic\/wp-content\/uploads\/2024\/05\/cataloghi.jpg\" class=\"attachment-full size-full wp-image-1073\" alt=\"\" srcset=\"https:\/\/operacode.com\/stb-logistic\/wp-content\/uploads\/2024\/05\/cataloghi.jpg 700w, https:\/\/operacode.com\/stb-logistic\/wp-content\/uploads\/2024\/05\/cataloghi-300x200.jpg 300w\" sizes=\"(max-width: 700px) 100vw, 700px\" \/><\/figure><div class=\"elementor-image-box-content\"><h3 class=\"elementor-image-box-title\">Cataloghi<\/h3><p class=\"elementor-image-box-description\">Sfoglia online tutti i cataloghi STB GROUP e scopri cosa possiamo fare per te!<\/p><\/div><\/div>\t\t<\/div>\n\t\t\t\t<\/div>\n\t\t\t\t<div data-eael-wrapper-link=\"{&quot;url&quot;:&quot;https:\\\/\\\/operacode.com\\\/stb-logistic\\\/contatti\\\/&quot;,&quot;is_external&quot;:&quot;&quot;,&quot;nofollow&quot;:&quot;&quot;}\" class=\"elementor-element elementor-element-71de045 elementor-position-top elementor-widget elementor-widget-image-box\" data-id=\"71de045\" data-element_type=\"widget\" data-widget_type=\"image-box.default\">\n\t\t\t\t<div class=\"elementor-widget-container\">\n\t\t\t<div class=\"elementor-image-box-wrapper\"><figure class=\"elementor-image-box-img\"><img loading=\"lazy\" decoding=\"async\" width=\"700\" height=\"467\" src=\"https:\/\/operacode.com\/stb-logistic\/wp-content\/uploads\/2024\/05\/contatti.jpg\" class=\"attachment-full size-full wp-image-1072\" alt=\"\" srcset=\"https:\/\/operacode.com\/stb-logistic\/wp-content\/uploads\/2024\/05\/contatti.jpg 700w, https:\/\/operacode.com\/stb-logistic\/wp-content\/uploads\/2024\/05\/contatti-300x200.jpg 300w\" sizes=\"(max-width: 700px) 100vw, 700px\" \/><\/figure><div class=\"elementor-image-box-content\"><h3 class=\"elementor-image-box-title\">Contatti<\/h3><p class=\"elementor-image-box-description\">Offriamo supporto continuo e cerchiamo di rispondere quanto prima alle vostre richieste.<\/p><\/div><\/div>\t\t<\/div>\n\t\t\t\t<\/div>\n\t\t\t\t<\/div>\n\t\t\t\t<\/div>\n\t\t","protected":false},"excerpt":{"rendered":"<p>STB Logistic &amp; Transport, la vostra soluzione per tutte le esigenze di trasporto nel settore del tabacco. Con oltre vent&#8217;anni di esperienza e una tradizione familiare che ci permette di comprendere a fondo le necessit\u00e0 &hellip; <\/p>\n","protected":false},"author":1,"featured_media":0,"parent":0,"menu_order":0,"comment_status":"closed","ping_status":"closed","template":"","meta":{"footnotes":""},"class_list":["post-711","page","type-page","status-publish","hentry","has-single-img"],"_links":{"self":[{"href":"https:\/\/operacode.com\/stb-logistic\/wp-json\/wp\/v2\/pages\/711","targetHints":{"allow":["GET"]}}],"collection":[{"href":"https:\/\/operacode.com\/stb-logistic\/wp-json\/wp\/v2\/pages"}],"about":[{"href":"https:\/\/operacode.com\/stb-logistic\/wp-json\/wp\/v2\/types\/page"}],"author":[{"embeddable":true,"href":"https:\/\/operacode.com\/stb-logistic\/wp-json\/wp\/v2\/users\/1"}],"replies":[{"embeddable":true,"href":"https:\/\/operacode.com\/stb-logistic\/wp-json\/wp\/v2\/comments?post=711"}],"version-history":[{"count":55,"href":"https:\/\/operacode.com\/stb-logistic\/wp-json\/wp\/v2\/pages\/711\/revisions"}],"predecessor-version":[{"id":1203,"href":"https:\/\/operacode.com\/stb-logistic\/wp-json\/wp\/v2\/pages\/711\/revisions\/1203"}],"wp:attachment":[{"href":"https:\/\/operacode.com\/stb-logistic\/wp-json\/wp\/v2\/media?parent=711"}],"curies":[{"name":"wp","href":"https:\/\/api.w.org\/{rel}","templated":true}]}}